{"id":206,"date":"2017-01-09T03:45:07","date_gmt":"2017-01-09T02:45:07","guid":{"rendered":"http:\/\/benoitdegraux.com\/?page_id=206"},"modified":"2026-03-29T21:58:02","modified_gmt":"2026-03-29T19:58:02","slug":"shop","status":"publish","type":"page","link":"https:\/\/benoitdegraux.com\/index.php\/shop\/","title":{"rendered":"Shop"},"content":{"rendered":"<p style=\"text-align: left;\"><b style=\"color: #000000;\">\u00ab\u00a0Predator Fishing Experience\u00a0\u00bb vous propose les produits des<\/b><b style=\"color: #000000;\"> plus grandes marques \u00e0 des prix tr\u00e8s comp\u00e9titifs, mais surtout une expertise technique et une grande exp\u00e9rience de terrain afin de vous guider dans le choix\u00a0 de votre \u00e9quipement.<\/b><br \/>\n<span style=\"color: #ff0000;\"><b>Pour tout achat d&rsquo;un pack \u00e9lectronique <\/b><b>, le param\u00e9trage des \u00e9quipements<\/b><strong> est offert lors de la livraison, ainsi qu&rsquo;<\/strong><strong>un support technique pour l&rsquo;installation.<\/strong><\/span><br \/>\n<strong>Informations et prix sur demande via le formulaire de la page contact.<\/strong><\/p>\n<hr \/>\n","protected":false},"excerpt":{"rendered":"<p>\u00ab\u00a0Predator Fishing Experience\u00a0\u00bb vous propose les produits des plus grandes marques \u00e0 des prix tr\u00e8s comp\u00e9titifs, mais surtout une expertise technique et une grande exp\u00e9rience de terrain afin de vous guider dans le choix\u00a0 de votre \u00e9quipement. Pour tout achat d&rsquo;un pack \u00e9lectronique , le param\u00e9trage des \u00e9quipements est offert \u2026 <a class=\"continue-reading-link\" href=\"https:\/\/benoitdegraux.com\/index.php\/shop\/\"> Continue reading <span class=\"meta-nav\">&rarr; <\/span><\/a><\/p>\n","protected":false},"author":1,"featured_media":0,"parent":0,"menu_order":6,"comment_status":"closed","ping_status":"closed","template":"","meta":{"footnotes":""},"_links":{"self":[{"href":"https:\/\/benoitdegraux.com\/index.php\/wp-json\/wp\/v2\/pages\/206"}],"collection":[{"href":"https:\/\/benoitdegraux.com\/index.php\/wp-json\/wp\/v2\/pages"}],"about":[{"href":"https:\/\/benoitdegraux.com\/index.php\/wp-json\/wp\/v2\/types\/page"}],"author":[{"embeddable":true,"href":"https:\/\/benoitdegraux.com\/index.php\/wp-json\/wp\/v2\/users\/1"}],"replies":[{"embeddable":true,"href":"https:\/\/benoitdegraux.com\/index.php\/wp-json\/wp\/v2\/comments?post=206"}],"version-history":[{"count":68,"href":"https:\/\/benoitdegraux.com\/index.php\/wp-json\/wp\/v2\/pages\/206\/revisions"}],"predecessor-version":[{"id":2194,"href":"https:\/\/benoitdegraux.com\/index.php\/wp-json\/wp\/v2\/pages\/206\/revisions\/2194"}],"wp:attachment":[{"href":"https:\/\/benoitdegraux.com\/index.php\/wp-json\/wp\/v2\/media?parent=206"}],"curies":[{"name":"wp","href":"https:\/\/api.w.org\/{rel}","templated":true}]}}