{"id":1436,"date":"2026-01-01T22:51:23","date_gmt":"2026-01-01T21:51:23","guid":{"rendered":"http:\/\/benoitdegraux.com\/?post_type=product&#038;p=1436"},"modified":"2026-03-16T00:00:24","modified_gmt":"2026-03-15T23:00:24","slug":"garmin-force","status":"publish","type":"product","link":"https:\/\/benoitdegraux.com\/index.php\/produit\/garmin-force\/","title":{"rendered":"Garmin Force Pro"},"content":{"rendered":"<div class=\"app__column-layout app__column-layout__column--3\">\n<div class=\"app__feature__card\" data-translate=\"\">\n<div class=\"app__column-layout app__column-layout__column--3\">\n<div class=\"app__feature__card\" data-translate=\"\">\n<p data-test=\"gc__heading\"><strong>Moteur \u00e9lectrique Force Pro\u2122<\/strong><br \/>\nmoteur \u00e9lectrique 57 po<br \/>\n<span id=\"js__product__info__part-number__label\">NUM\u00c9RO DE R\u00c9F\u00c9RENCE 010-03011-10<\/span><\/p>\n<p><img loading=\"lazy\" decoding=\"async\" class=\"wp-image-2078 alignnone\" src=\"https:\/\/benoitdegraux.com\/wp-content\/uploads\/2021\/02\/force-pro_deployed_HR_close-side-1024x1024.jpg\" alt=\"\" width=\"282\" height=\"282\" srcset=\"https:\/\/benoitdegraux.com\/wp-content\/uploads\/2021\/02\/force-pro_deployed_HR_close-side-1024x1024.jpg 1024w, https:\/\/benoitdegraux.com\/wp-content\/uploads\/2021\/02\/force-pro_deployed_HR_close-side-300x300.jpg 300w, https:\/\/benoitdegraux.com\/wp-content\/uploads\/2021\/02\/force-pro_deployed_HR_close-side-150x150.jpg 150w, https:\/\/benoitdegraux.com\/wp-content\/uploads\/2021\/02\/force-pro_deployed_HR_close-side-768x768.jpg 768w, https:\/\/benoitdegraux.com\/wp-content\/uploads\/2021\/02\/force-pro_deployed_HR_close-side-1536x1536.jpg 1536w, https:\/\/benoitdegraux.com\/wp-content\/uploads\/2021\/02\/force-pro_deployed_HR_close-side-2048x2048.jpg 2048w, https:\/\/benoitdegraux.com\/wp-content\/uploads\/2021\/02\/force-pro_deployed_HR_close-side-600x600.jpg 600w, https:\/\/benoitdegraux.com\/wp-content\/uploads\/2021\/02\/force-pro_deployed_HR_close-side-100x100.jpg 100w\" sizes=\"(max-width: 282px) 100vw, 282px\" \/><\/p>\n<\/div>\n<\/div>\n<\/div>\n<\/div>\n<div class=\"app__column-layout app__column-layout__column--3\">\n<div class=\"app__feature__card\" data-translate=\"\">\n<div class=\"app__column-layout app__column-layout__column--3\">\n<div class=\"app__feature__card\" data-translate=\"\">\n<h3 class=\"app__feature__card__title light left\" data-v-5b9e0d04=\"\" data-test=\"gc__heading\">HAUTE PUISSANCE<\/h3>\n<p class=\"app__feature__card__description\">Le moteur \u00e9lectrique Force peut vous emmener d&rsquo;un point \u00e0 un autre plus rapidement tout en tenant t\u00eate aux vents et courants, le tout, en silence.<\/p>\n<p class=\"app__feature__card__description\">La fonction d&rsquo;ancrage virtuel repr\u00e9sente notre technologie de positionnement de bateau la plus pr\u00e9cise gr\u00e2ce au nouveau GPS multibande, tandis que les fonctions d&rsquo;inversion de la rotation de l&rsquo;h\u00e9lice et de d\u00e9roulage automatique du c\u00e2ble en eau calme contribuent \u00e0 r\u00e9duire l&rsquo;activit\u00e9 du moteur.<\/p>\n<\/div>\n<div class=\"app__feature__card\" data-translate=\"\">\n<h3 class=\"app__feature__card__title light left\" data-v-5b9e0d04=\"\" data-test=\"gc__heading\">EFFICACIT\u00c9 REMARQUABLE<\/h3>\n<p class=\"app__feature__card__description\">Le moteur sans balais \u00e0 haut rendement fonctionne \u00e0 36 ou 24\u00a0V. \u00c0 24\u00a0V, il offre une pouss\u00e9e comparable \u00e0 celle des moteurs 36\u00a0V de nos concurrents.<\/p>\n<\/div>\n<\/div>\n<div class=\"app__column-layout app__column-layout__column--3\">\n<div class=\"app__feature__card\" data-translate=\"\">\n<h3 class=\"app__feature__card__title light left\" data-v-5b9e0d04=\"\" data-test=\"gc__heading\">SILENCIEUX SUR LA SURFACE ET EN DESSOUS<\/h3>\n<p class=\"app__feature__card__description\">Le moteur ultra silencieux ne fait pas peur aux poissons et il est presque ind\u00e9tectable par les sondeurs. Il ne brouillera donc pas vos \u00e9crans.<\/p>\n<div class=\"app__feature__card\" data-translate=\"\">\n<h3 class=\"app__feature__card__title light left\" data-v-5b9e0d04=\"\" data-test=\"gc__heading\">P\u00c9DALE SANS FIL<\/h3>\n<p><img decoding=\"async\" class=\"app__feature__card__image\" src=\"https:\/\/static.garmincdn.com\/en\/products\/010-02024-00\/g\/WIRELESS-FOOT-PEDAL-a9bb86ae-5a9b-41f4-8015-9b068160a1f8.jpg\" alt=\"\" \/><\/p>\n<p>La p\u00e9dale pratique ultra r\u00e9active s&rsquo;utilise comme une p\u00e9dale \u00e0 c\u00e2ble. Elle fonctionne sans fil \u00e0 l&rsquo;aide de piles AA, mais vous pouvez quand m\u00eame la raccorder par c\u00e2ble \u00e0 une source d&rsquo;alimentation.<\/p>\n<\/div>\n<div class=\"app__feature__card\" data-translate=\"\">\n<h3 class=\"app__feature__card__title light left\" data-v-5b9e0d04=\"\" data-test=\"gc__heading\">T\u00c9L\u00c9COMMANDE FLOTTANTE ET \u00c9TANCHE<\/h3>\n<p class=\"app__feature__card__description\">La t\u00e9l\u00e9commande incluse avec \u00e9cran antireflet offre un contr\u00f4le total du moteur, ainsi que des fonctions de direction par gestes. Vous pouvez programmer des touches pour contr\u00f4ler votre traceur.<\/p>\n<p><img decoding=\"async\" class=\"app__feature__card__image\" src=\"https:\/\/static.garmincdn.com\/en\/products\/010-02024-00\/g\/WATER-RESISTANT-FLOATING-REMOTE-92b55d34-e6d0-4334-b3da-f8d9d5d575ae.jpg\" alt=\"\" \/><\/p>\n<div class=\"app__column-layout app__column-layout__column--3\">\n<div class=\"app__feature__card\" data-translate=\"\">\n<h3 class=\"app__feature__card__title light left\" data-v-5b9e0d04=\"\" data-test=\"gc__heading\">ROBUSTE ET FACILE D&rsquo;UTILISATION<\/h3>\n<p class=\"app__feature__card__description\">Le moteur \u00e9lectrique Force est robuste et durable, facile \u00e0 d\u00e9ployer, facile \u00e0 ranger et \u00e0 stocker gr\u00e2ce \u00e0 ses deux v\u00e9rins \u00e0 gaz. Il est accompagn\u00e9 d&rsquo;une garantie g\u00e9n\u00e9rale de 3\u00a0ans, ainsi que d&rsquo;une garantie \u00e0 vie limit\u00e9e pour l&rsquo;arbre en particulier.<\/p>\n<\/div>\n<div class=\"app__feature__card\" data-translate=\"\"><\/div>\n<\/div>\n<div class=\"app__column-layout app__column-layout__column--3\">\n<div class=\"app__feature__card\" data-translate=\"\">\n<h3 class=\"app__feature__card__title light left\" data-v-5b9e0d04=\"\" data-test=\"gc__heading\">SONDEUR INT\u00c9GR\u00c9<\/h3>\n<p class=\"app__feature__card__description\">Le moteur Force inclut une sonde gt56\u00a0 tout-en-un pour les sondeurs CHIRP traditionnels et les sondeurs \u00e0 balayage ClearV\u00fc et SideV\u00fc ultra haute d\u00e9finition. Consultez l&rsquo;onglet des caract\u00e9ristiques pour en savoir plus sur la prise en charge d&rsquo;autres sondeurs.<\/p>\n<p><img decoding=\"async\" class=\"app__feature__card__image\" src=\"https:\/\/static.garmincdn.com\/en\/products\/010-02024-00\/g\/INTEGRATED-SONAR-v5-c52a8d39-708b-4ac3-8869-cfff64143020.jpg\" alt=\"\" \/><\/p>\n<\/div>\n<div data-translate=\"\">\n<div class=\"app__column-layout app__column-layout__column--3\">\n<div class=\"app__feature__card\" data-translate=\"\">\n<h3 class=\"app__feature__card__title light left\" data-v-5b9e0d04=\"\" data-test=\"gc__heading\">TRACEUR SANS FIL INT\u00c9GR\u00c9<\/h3>\n<p class=\"app__feature__card__description\">Connectez votre moteur Force \u00e0 votre traceur Garmin via le r\u00e9seau sans fil pour cr\u00e9er des routes vers vos waypoints favoris et suivre des trac\u00e9s pendant que vous p\u00eachez.<\/p>\n<\/div>\n<\/div>\n<\/div>\n<div class=\"app__feature__card\" data-translate=\"\">\n<p><img decoding=\"async\" class=\"app__feature__card__image\" src=\"https:\/\/static.garmincdn.com\/en\/products\/010-02024-00\/g\/BUILT-IN-AUTOPILOT-v2-0bbaef64-b09a-40ac-b7c8-570226a41930.jpg\" alt=\"\" \/><\/p>\n<h3 class=\"app__feature__card__title light left\" data-v-5b9e0d04=\"\" data-test=\"gc__heading\">PILOTE AUTOMATIQUE INT\u00c9GR\u00c9<\/h3>\n<p class=\"app__feature__card__description\">Le pilote automatique, avec compas \u00e9lectronique et GPS int\u00e9gr\u00e9s, inclut des fonctions de verrou d&rsquo;ancre, de maintien de cap et de r\u00e9gulation de vitesse. D\u00e9tendez-vous et laissez le pilote automatique vous guider tout le long de votre parcours.<\/p>\n<h2>Dans la boite<\/h2>\n<ul>\n<li>Moteur \u00e9lectrique Force\u2122<\/li>\n<li>P\u00e9dale<\/li>\n<li>T\u00e9l\u00e9commande<\/li>\n<li>H\u00e9lice haute performance<\/li>\n<li>Mat\u00e9riel de montage et d&rsquo;assemblage<\/li>\n<li>Documentation<\/li>\n<li>Stabilisateur<\/li>\n<\/ul>\n<\/div>\n<\/div>\n<\/div>\n<\/div>\n<\/div>\n<\/div>\n<\/div>\n","protected":false},"excerpt":{"rendered":"<p><img loading=\"lazy\" decoding=\"async\" class=\"wp-image-1143 alignnone\" src=\"https:\/\/benoitdegraux.com\/wp-content\/uploads\/2019\/06\/garmin-logo.png\" alt=\"\" width=\"150\" height=\"41\" srcset=\"https:\/\/benoitdegraux.com\/wp-content\/uploads\/2019\/06\/garmin-logo.png 1000w, https:\/\/benoitdegraux.com\/wp-content\/uploads\/2019\/06\/garmin-logo-300x81.png 300w, https:\/\/benoitdegraux.com\/wp-content\/uploads\/2019\/06\/garmin-logo-768x207.png 768w, https:\/\/benoitdegraux.com\/wp-content\/uploads\/2019\/06\/garmin-logo-150x41.png 150w, https:\/\/benoitdegraux.com\/wp-content\/uploads\/2019\/06\/garmin-logo-250x68.png 250w, https:\/\/benoitdegraux.com\/wp-content\/uploads\/2019\/06\/garmin-logo-600x162.png 600w\" sizes=\"(max-width: 150px) 100vw, 150px\" \/><br \/>\n<strong>Moteur \u00e9lectrique Force\u2122<\/strong><br \/>\nmoteur \u00e9lectrique 57 po<br \/>\n<span id=\"js__product__info__part-number__label\">NUM\u00c9RO DE R\u00c9F\u00c9RENCE 010-03011-10<\/span><br \/>\nPrix indicatif : 4699 TTC <a class=\"continue-reading-link\" href=\"https:\/\/benoitdegraux.com\/index.php\/produit\/garmin-force\/\"> Continue reading <span class=\"meta-nav\">&rarr; <\/span><\/a><\/p>\n","protected":false},"featured_media":2078,"comment_status":"closed","ping_status":"closed","template":"","meta":[],"_links":{"self":[{"href":"https:\/\/benoitdegraux.com\/index.php\/wp-json\/wp\/v2\/product\/1436"}],"collection":[{"href":"https:\/\/benoitdegraux.com\/index.php\/wp-json\/wp\/v2\/product"}],"about":[{"href":"https:\/\/benoitdegraux.com\/index.php\/wp-json\/wp\/v2\/types\/product"}],"replies":[{"embeddable":true,"href":"https:\/\/benoitdegraux.com\/index.php\/wp-json\/wp\/v2\/comments?post=1436"}],"wp:featuredmedia":[{"embeddable":true,"href":"https:\/\/benoitdegraux.com\/index.php\/wp-json\/wp\/v2\/media\/2078"}],"wp:attachment":[{"href":"https:\/\/benoitdegraux.com\/index.php\/wp-json\/wp\/v2\/media?parent=1436"}],"curies":[{"name":"wp","href":"https:\/\/api.w.org\/{rel}","templated":true}]}}