{"id":1480,"date":"2021-02-11T08:57:32","date_gmt":"2021-02-11T07:57:32","guid":{"rendered":"http:\/\/benoitdegraux.com\/?post_type=product&#038;p=1480"},"modified":"2021-02-11T09:56:27","modified_gmt":"2021-02-11T08:56:27","slug":"garmin-striker-cast-avec-gps","status":"publish","type":"product","link":"https:\/\/benoitdegraux.com\/index.php\/produit\/garmin-striker-cast-avec-gps\/","title":{"rendered":"GARMIN STRIKER Cast avec GPS"},"content":{"rendered":"<p id=\"js__product__info__name\" class=\"app__product__info__title\"><strong>STRIKER&#x2122; Cast avec GPS<\/strong><br \/>\nSondeur \u00e0 lancer \u2013 Avec GPS<br \/>\n<span id=\"js__product__info__part-number__label\">NUM\u00c9RO DE R\u00c9F\u00c9RENCE\u00a0<\/span><span id=\"js__product__info__part-number__text\" class=\"app__product__info__part-number--light\">010-02246-02<\/span><\/p>\n<div class=\"app__column-layout app__column-layout__column--3\">\n<div class=\"app__feature__card\" data-translate=\"\">\n<div class=\"app__feature__card\" data-translate=\"\">\n<div class=\"app__life-style app__life-style--dark\" title=\"\">\n<div class=\"app__column-layout app__column-layout__column--3\">\n<div class=\"app__feature__card\">\n<div class=\"app__column-layout app__column-layout__column--3\">\n<div class=\"app__feature__card\">\n<div class=\"app__feature__card\">\n<p class=\"app__feature__card__description\">Vous cherchez encore votre poisson \u00e0 l&rsquo;ancienne ? Un sondeur facile \u00e0 lire indique exactement leur position. Couplez votre sondeur avec l&rsquo;application gratuite pour diffuser et afficher les images sur les appareils mobiles Apple<sup>\u00ae<\/sup>\u00a0ou Android<sup>&#x2122;<\/sup>. La configuration est simple et rapide. Vous serez pr\u00eat \u00e0 p\u00eacher en quelques minutes.P\u00eachez loin et en profondeur. Le sondeur se connecte et diffuse des images via le r\u00e9seau sans fil, avec une port\u00e9e allant jusqu&rsquo;\u00e0 60 m\u00e8tres.Le GPS int\u00e9gr\u00e9 vous permet de cr\u00e9er vos propres cartes bathym\u00e9triques Quickdraw avec des isobathes tous les 30 cm. P\u00eachez plus longtemps avec une batterie rechargeable autonome plus de 10 heures.<\/p>\n<div class=\"app__column-layout app__column-layout__column--3\">\n<div class=\"app__feature__card\">\n<p><img loading=\"lazy\" decoding=\"async\" class=\"app__feature__card__image\" src=\"https:\/\/static.garmincdn.com\/en\/products\/010-02246-02\/g\/G-21794-1-7f1a7cef-ef7e-4b3a-801f-775e6a106244.jpg\" alt=\"\" width=\"400\" height=\"450\" \/><\/p>\n<h3 class=\"app__feature__card__title light left\" data-v-5b9e0d04=\"\" data-test=\"gc__heading\">SONDEUR SIMPLIFI\u00c9<\/h3>\n<p class=\"app__feature__card__description\">Facile \u00e0 utiliser, le sondeur STRIKER Cast diffuse et affiche des images dans une application simple, sur votre t\u00e9l\u00e9phone. La configuration ne prend qu&rsquo;un instant et les images des emplacements des poissons et des structures sont faciles \u00e0 interpr\u00e9ter.<\/p>\n<\/div>\n<div class=\"app__feature__card\">\n<p><img loading=\"lazy\" decoding=\"async\" class=\"app__feature__card__image\" src=\"https:\/\/static.garmincdn.com\/en\/products\/010-02246-02\/g\/G-21794-2-b8200590-9560-4cb0-801c-3c43660a8d05.jpg\" alt=\"\" width=\"400\" height=\"450\" \/><\/p>\n<h3 class=\"app__feature__card__title light left\" data-v-5b9e0d04=\"\" data-test=\"gc__heading\">TROIS \u00c9TAPES POUR SE LANCER<\/h3>\n<p class=\"app__feature__card__description\">T\u00e9l\u00e9chargez l&rsquo;application gratuite pour vos appareils connect\u00e9s Apple ou Android. Couplez-la avec le sondeur STRIKER Cast. Sortez p\u00eacher\u00a0!<\/p>\n<\/div>\n<div class=\"app__feature__card\">\n<p><img loading=\"lazy\" decoding=\"async\" class=\"app__feature__card__image\" src=\"https:\/\/static.garmincdn.com\/en\/products\/010-02246-02\/g\/G-21794-3-d630d00f-8895-49f1-b615-336885a9d8a4.jpg\" alt=\"\" width=\"400\" height=\"450\" \/><\/p>\n<h3 class=\"app__feature__card__title light left\" data-v-5b9e0d04=\"\" data-test=\"gc__heading\">EAU DOUCE, EAU DE MER<\/h3>\n<p class=\"app__feature__card__description\">Le sondeur STRIKER Cast avec GPS fonctionne en eau douce comme en eau sal\u00e9e pour vous montrer les poissons et la structure du fond avec des d\u00e9tails nets. Vous pouvez \u00e9galement l&rsquo;utiliser pour v\u00e9rifier la temp\u00e9rature de l&rsquo;eau.<\/p>\n<\/div>\n<\/div>\n<div class=\"app__column-layout app__column-layout__column--3\">\n<div class=\"app__feature__card\">\n<p><img loading=\"lazy\" decoding=\"async\" class=\"app__feature__card__image\" src=\"https:\/\/static.garmincdn.com\/en\/products\/010-02246-02\/g\/G-21794-4-b2db1bff-cc31-410e-95f1-42f119b77784.jpg\" alt=\"\" width=\"400\" height=\"450\" \/><\/p>\n<h3 class=\"app__feature__card__title light left\" data-v-5b9e0d04=\"\" data-test=\"gc__heading\">GPS POUR DES CARTES PERSONNALIS\u00c9ES<\/h3>\n<p class=\"app__feature__card__description\">Le GPS int\u00e9gr\u00e9 vous permet de cr\u00e9er vos propres cartes bathym\u00e9triques Quickdraw avec des isobathes tous les 30\u00a0cm, pour vous aider \u00e0 retrouver (et peut-\u00eatre partager) vos meilleurs coins de p\u00eache.<\/p>\n<\/div>\n<div class=\"app__feature__card\">\n<p><img loading=\"lazy\" decoding=\"async\" class=\"app__feature__card__image\" src=\"https:\/\/static.garmincdn.com\/en\/products\/010-02246-02\/g\/G-21794-5-9787983c-0448-4e1c-bfca-b4a85888f4b7.jpg\" alt=\"\" width=\"400\" height=\"450\" \/><\/p>\n<h3 class=\"app__feature__card__title light left\" data-v-5b9e0d04=\"\" data-test=\"gc__heading\">DIFF\u00c9RENTS MODES DE SONDEUR<\/h3>\n<p class=\"app__feature__card__description\">Choisissez parmi les modes sondeur 2D traditionnel et flasheur pour la p\u00eache sur glace faciles \u00e0 interpr\u00e9ter et r\u00e9glez les param\u00e8tres de sensibilit\u00e9, port\u00e9e, etc.<\/p>\n<\/div>\n<div class=\"app__feature__card\">\n<p><img loading=\"lazy\" decoding=\"async\" class=\"app__feature__card__image\" src=\"https:\/\/static.garmincdn.com\/en\/products\/010-02246-02\/g\/G-21794-6-0cc919b6-1360-4acf-ae3a-fe05b68bf2e2.jpg\" alt=\"\" width=\"400\" height=\"450\" \/><\/p>\n<h3 class=\"app__feature__card__title light left\" data-v-5b9e0d04=\"\" data-test=\"gc__heading\">IC\u00d4NES DE POISSON<\/h3>\n<p class=\"app__feature__card__description\">Pour simplifier encore l&rsquo;utilisation du sondeur, activez les ic\u00f4nes des poissons pour afficher des images de vos cibles ainsi que leur profondeur, afin de savoir exactement o\u00f9 lancer votre ligne.<\/p>\n<\/div>\n<\/div>\n<\/div>\n<\/div>\n<\/div>\n<\/div>\n<\/div>\n<\/div>\n<\/div>\n<\/div>\n<\/div>\n","protected":false},"excerpt":{"rendered":"<p><img loading=\"lazy\" decoding=\"async\" class=\"wp-image-1143 alignnone\" src=\"https:\/\/benoitdegraux.com\/wp-content\/uploads\/2019\/06\/garmin-logo.png\" alt=\"\" width=\"150\" height=\"41\" srcset=\"https:\/\/benoitdegraux.com\/wp-content\/uploads\/2019\/06\/garmin-logo.png 1000w, https:\/\/benoitdegraux.com\/wp-content\/uploads\/2019\/06\/garmin-logo-300x81.png 300w, https:\/\/benoitdegraux.com\/wp-content\/uploads\/2019\/06\/garmin-logo-768x207.png 768w, https:\/\/benoitdegraux.com\/wp-content\/uploads\/2019\/06\/garmin-logo-150x41.png 150w, https:\/\/benoitdegraux.com\/wp-content\/uploads\/2019\/06\/garmin-logo-250x68.png 250w, https:\/\/benoitdegraux.com\/wp-content\/uploads\/2019\/06\/garmin-logo-600x162.png 600w\" sizes=\"(max-width: 150px) 100vw, 150px\" \/><br \/>\n<strong>STRIKER&#x2122; Cast avec GPS<\/strong><br \/>\nSondeur \u00e0 lancer \u2013 Avec GPS<br \/>\n<span id=\"js__product__info__part-number__label\">NUM\u00c9RO DE R\u00c9F\u00c9RENCE\u00a0<\/span><span id=\"js__product__info__part-number__text\" class=\"app__product__info__part-number--light\">010-02246-02<\/span><\/p>\n<p class=\"app__overview__intro__title light center\" data-test=\"gc__heading\">CE D\u00c9TECTEUR DE POISSONS PORTATIF TRANSFORME VOTRE T\u00c9L\u00c9PHONE EN SONDEUR.<br \/>\nTrouvez et p\u00eachez plus de poissons facilement gr\u00e2ce au sondeur STRIKER Cast avec GPS. Lancez-le jusqu&rsquo;\u00e0 60 m\u00e8tres et ramenez-le pour afficher les images dans l&rsquo;application install\u00e9e sur votre smartphone ou tablette.<\/p>\n<p> <a class=\"continue-reading-link\" href=\"https:\/\/benoitdegraux.com\/index.php\/produit\/garmin-striker-cast-avec-gps\/\"> Continue reading <span class=\"meta-nav\">&rarr; <\/span><\/a><\/p>\n","protected":false},"featured_media":1483,"comment_status":"closed","ping_status":"closed","template":"","meta":[],"_links":{"self":[{"href":"https:\/\/benoitdegraux.com\/index.php\/wp-json\/wp\/v2\/product\/1480"}],"collection":[{"href":"https:\/\/benoitdegraux.com\/index.php\/wp-json\/wp\/v2\/product"}],"about":[{"href":"https:\/\/benoitdegraux.com\/index.php\/wp-json\/wp\/v2\/types\/product"}],"replies":[{"embeddable":true,"href":"https:\/\/benoitdegraux.com\/index.php\/wp-json\/wp\/v2\/comments?post=1480"}],"wp:featuredmedia":[{"embeddable":true,"href":"https:\/\/benoitdegraux.com\/index.php\/wp-json\/wp\/v2\/media\/1483"}],"wp:attachment":[{"href":"https:\/\/benoitdegraux.com\/index.php\/wp-json\/wp\/v2\/media?parent=1480"}],"curies":[{"name":"wp","href":"https:\/\/api.w.org\/{rel}","templated":true}]}}