{"id":1737,"date":"2022-02-12T12:46:03","date_gmt":"2022-02-12T11:46:03","guid":{"rendered":"http:\/\/benoitdegraux.com\/?post_type=product&#038;p=1737"},"modified":"2024-12-26T12:36:27","modified_gmt":"2024-12-26T11:36:27","slug":"batteries-lithium-12v50a-jarocells","status":"publish","type":"product","link":"https:\/\/benoitdegraux.com\/index.php\/produit\/batteries-lithium-12v50a-jarocells\/","title":{"rendered":"JAROCELLS Batterie Lithium LifePo4 12V60A"},"content":{"rendered":"<p><span class=\"Y2IQFc\" lang=\"fr\">JAROCELLS <\/span>JARO-BT60.12<\/p>\n<p><span>La batterie lithium fer phosphate JARO-BT60.12 peut remplacer une batterie plomb-acide AGM de 12V120Ah. Cette batterie de 6,7 kg est une batterie de service puissante et dot\u00e9e de la technologie BT qui vous permet de lire tout ce qui se passe dans votre batterie sur votre smartphone. Cette batterie de 60 Ah remplace notre mod\u00e8le pr\u00e9c\u00e9dent, la JARO-BT50.12. Rien n&rsquo;a chang\u00e9 dans le mod\u00e8le ou la technologie. Or, il contient d\u00e9sormais 20 % d\u2019\u00e9nergie en plus sans que le prix n\u2019ait chang\u00e9.<\/span><\/p>\n<p><span>La batterie est id\u00e9ale pour les caravanes, les \u00e9quipements 12V \u00e0 bord de votre bateau ou peut \u00eatre utilis\u00e9e pour les moteurs \u00e9lectriques 12V jusqu&rsquo;\u00e0 55lbs (NB : le temps de navigation est de 4 \u00e0 8 heures avec un moteur de 30lbs, de 2 \u00e0 4 heures avec un moteur de 55lbs).<\/span><\/p>\n<p><span>Ce mod\u00e8le peut connecter jusqu&rsquo;\u00e0 6 batteries en parall\u00e8le. Si vous envisagez de le faire, jetez \u00e9galement un \u0153il \u00e0 la version\u00a0<\/span><span>JARO-BT120.12<\/span><span>\u00a0ou\u00a0<\/span><span>JARO-BT150.12<\/span><span>\u00a0.<\/span><\/p>\n<p><span>Cette batterie peut \u00eatre d\u00e9charg\u00e9e pas moins de 2 000 \u00e0 5 000 fois : 4 \u00e0 5 fois plus qu&rsquo;une bonne batterie au plomb.<\/span><\/p>\n<p><span>Les dimensions de cette batterie sont de 196x165x174 mm.<\/span><\/p>\n<p><span>Cette batterie peut \u00eatre lue avec l&rsquo;\u00a0<\/span><a href=\"https:\/\/jarocells.nl\/informatie\/jarocells-app\/\"><span>application JAROCELLS<\/span><\/a><span>\u00a0pour Android et iOS.<\/span><\/p>\n<p><strong>Caract\u00e9ristiques<\/strong><br \/>\n<span class=\"Y2IQFc\" lang=\"fr\">JAROCELLS <\/span>JARO-BT60.12<br \/>\n<span class=\"Y2IQFc\" lang=\"fr\">Poids : 6,8 kg <\/span><br \/>\n<span class=\"Y2IQFc\" lang=\"fr\">Dimensions : 196 x 165 x 174 mm<\/span><br \/>\n<span class=\"Y2IQFc\" lang=\"fr\">Type : 12,8 V nominal 60 Ah <\/span><br \/>\n<span class=\"Y2IQFc\" lang=\"fr\">Tension 10V \u2013 14.6V <\/span><br \/>\n<span class=\"Y2IQFc\" lang=\"fr\">Courant de charge max : 25A continu <\/span><br \/>\n<span class=\"Y2IQFc\" lang=\"fr\">D\u00e9charge max. : 60A continu <\/span><br \/>\n<span class=\"Y2IQFc\" lang=\"fr\">Temp\u00e9rature de d\u00e9charge -20 \u00e0 + 45 C <\/span><br \/>\n<span class=\"Y2IQFc\" lang=\"fr\">Temp\u00e9rature de charge0 \u00e0 + 45 C<\/span><\/p>\n<p><a href=\"https:\/\/jarocells.nl\/wp-content\/uploads\/2022\/02\/JC_handleidingBT_ENG.pdf\">Sp\u00e9cifications g\u00e9n\u00e9rales des batteries JAROCELLS BT<\/a><\/p>\n","protected":false},"excerpt":{"rendered":"<p><img loading=\"lazy\" decoding=\"async\" class=\"wp-image-1734 aligncenter\" src=\"https:\/\/benoitdegraux.com\/wp-content\/uploads\/2022\/02\/jrocells-logo.jpg\" alt=\"\" width=\"190\" height=\"94\" srcset=\"https:\/\/benoitdegraux.com\/wp-content\/uploads\/2022\/02\/jrocells-logo.jpg 640w, https:\/\/benoitdegraux.com\/wp-content\/uploads\/2022\/02\/jrocells-logo-300x149.jpg 300w, https:\/\/benoitdegraux.com\/wp-content\/uploads\/2022\/02\/jrocells-logo-150x74.jpg 150w, https:\/\/benoitdegraux.com\/wp-content\/uploads\/2022\/02\/jrocells-logo-250x124.jpg 250w, https:\/\/benoitdegraux.com\/wp-content\/uploads\/2022\/02\/jrocells-logo-600x297.jpg 600w\" sizes=\"(max-width: 190px) 100vw, 190px\" \/><\/p>\n<p><strong>Batterie Lithium JAROCELLS LifePo4 12V60A<\/strong><br \/>\nR\u00e9ference : JARO BT60.12<br \/>\nPrix indicatif TTC : 699.50 \u20ac<\/p>\n<p>&nbsp;<\/p>\n<p>&nbsp; <a class=\"continue-reading-link\" href=\"https:\/\/benoitdegraux.com\/index.php\/produit\/batteries-lithium-12v50a-jarocells\/\"> Continue reading <span class=\"meta-nav\">&rarr; <\/span><\/a><\/p>\n","protected":false},"featured_media":1993,"comment_status":"closed","ping_status":"closed","template":"","meta":[],"_links":{"self":[{"href":"https:\/\/benoitdegraux.com\/index.php\/wp-json\/wp\/v2\/product\/1737"}],"collection":[{"href":"https:\/\/benoitdegraux.com\/index.php\/wp-json\/wp\/v2\/product"}],"about":[{"href":"https:\/\/benoitdegraux.com\/index.php\/wp-json\/wp\/v2\/types\/product"}],"replies":[{"embeddable":true,"href":"https:\/\/benoitdegraux.com\/index.php\/wp-json\/wp\/v2\/comments?post=1737"}],"wp:featuredmedia":[{"embeddable":true,"href":"https:\/\/benoitdegraux.com\/index.php\/wp-json\/wp\/v2\/media\/1993"}],"wp:attachment":[{"href":"https:\/\/benoitdegraux.com\/index.php\/wp-json\/wp\/v2\/media?parent=1737"}],"curies":[{"name":"wp","href":"https:\/\/api.w.org\/{rel}","templated":true}]}}