{"id":1793,"date":"2022-03-15T20:08:18","date_gmt":"2022-03-15T19:08:18","guid":{"rendered":"http:\/\/benoitdegraux.com\/?post_type=product&#038;p=1793"},"modified":"2022-08-08T15:48:55","modified_gmt":"2022-08-08T13:48:55","slug":"support-de-sonde-orientable-inox","status":"publish","type":"product","link":"https:\/\/benoitdegraux.com\/index.php\/produit\/support-de-sonde-orientable-inox\/","title":{"rendered":"KED Support de sonde INOX"},"content":{"rendered":"<h3><strong>Support de sonde Inox KED<\/strong><\/h3>\n<p>Totalement r\u00e9alis\u00e9 en acier inoxydable, il offre un syst\u00e8me robuste, r\u00e9glable et amovible qui permet une utilisation optimale des diff\u00e9rentes sondes sur tous les types d&#8217;embarcations.<\/p>\n<p><img loading=\"lazy\" decoding=\"async\" class=\"aligncenter wp-image-1794\" src=\"https:\/\/benoitdegraux.com\/wp-content\/uploads\/2022\/03\/ked-.01-988x1024.jpg\" alt=\"\" width=\"377\" height=\"390\" srcset=\"https:\/\/benoitdegraux.com\/wp-content\/uploads\/2022\/03\/ked-.01-988x1024.jpg 988w, https:\/\/benoitdegraux.com\/wp-content\/uploads\/2022\/03\/ked-.01-289x300.jpg 289w, https:\/\/benoitdegraux.com\/wp-content\/uploads\/2022\/03\/ked-.01-768x796.jpg 768w, https:\/\/benoitdegraux.com\/wp-content\/uploads\/2022\/03\/ked-.01-1482x1536.jpg 1482w, https:\/\/benoitdegraux.com\/wp-content\/uploads\/2022\/03\/ked-.01-1976x2048.jpg 1976w, https:\/\/benoitdegraux.com\/wp-content\/uploads\/2022\/03\/ked-.01-145x150.jpg 145w, https:\/\/benoitdegraux.com\/wp-content\/uploads\/2022\/03\/ked-.01-600x622.jpg 600w\" sizes=\"(max-width: 377px) 100vw, 377px\" \/><\/p>\n<p><strong>Ce support comprend<\/strong><br \/>\n&#8211; une plaque de montage standard.<br \/>\n&#8211; un corps orientable muni d&rsquo;un syst\u00e8me\u00a0 de verrouillage.<br \/>\n&#8211; une tige d&rsquo;une longueur de 1.20 m\u00a0 et d&rsquo;un diam\u00e8tre de 16 mm \u00e9quip\u00e9e d&rsquo;une poign\u00e9e.<\/p>\n<p><strong>Caract\u00e9ristiques :<\/strong><br \/>\n&#8211; Mat\u00e9riaux: Inox<br \/>\n<span class=\"Y2IQFc\" lang=\"fr\">&#8211; Poids : environ 3,5 kg<\/span><br \/>\n<span class=\"Y2IQFc\" lang=\"fr\">&#8211; Longueur de la tige :\u00a0 120 cm (autres dimensions possible sur demande)<\/span><br \/>\n&#8211; R\u00e9glage de la hauteur de tige\u00a0 et et de la position du bras par levier de pression.<br \/>\n&#8211; Orientation de la tige a 360 \u00b0<\/p>\n<p><strong>Remarques<\/strong> : Ce support ne comprend pas la console de fixation sonde, la platine de fixation sp\u00e9cifique et le levier de commande avec pointeur de direction pour Livescope. Ces accessoires sont disponibles en options selon le mod\u00e8le de bateau et le type de sonde utilis\u00e9s.<\/p>\n","protected":false},"excerpt":{"rendered":"<h4><img loading=\"lazy\" decoding=\"async\" class=\"aligncenter size-full wp-image-1800\" src=\"https:\/\/benoitdegraux.com\/wp-content\/uploads\/2022\/03\/ked.jpg\" alt=\"\" width=\"172\" height=\"80\" srcset=\"https:\/\/benoitdegraux.com\/wp-content\/uploads\/2022\/03\/ked.jpg 172w, https:\/\/benoitdegraux.com\/wp-content\/uploads\/2022\/03\/ked-150x70.jpg 150w\" sizes=\"(max-width: 172px) 100vw, 172px\" \/><\/h4>\n<h4><strong>KED Support de sonde en Inox<\/strong><\/h4>\n<p>R\u00e9ference : KED-01<br \/>\nPrix indicatif TTC : 249 \u20ac<\/p>\n<p>Le\u00a0 support de sonde KED robuste, r\u00e9glable et amovible offre la solution id\u00e9ale pour l&rsquo;utilisation des diff\u00e9rentes sondes sur tous les types d&#8217;embarcations. <a class=\"continue-reading-link\" href=\"https:\/\/benoitdegraux.com\/index.php\/produit\/support-de-sonde-orientable-inox\/\"> Continue reading <span class=\"meta-nav\">&rarr; <\/span><\/a><\/p>\n","protected":false},"featured_media":1794,"comment_status":"closed","ping_status":"closed","template":"","meta":[],"_links":{"self":[{"href":"https:\/\/benoitdegraux.com\/index.php\/wp-json\/wp\/v2\/product\/1793"}],"collection":[{"href":"https:\/\/benoitdegraux.com\/index.php\/wp-json\/wp\/v2\/product"}],"about":[{"href":"https:\/\/benoitdegraux.com\/index.php\/wp-json\/wp\/v2\/types\/product"}],"replies":[{"embeddable":true,"href":"https:\/\/benoitdegraux.com\/index.php\/wp-json\/wp\/v2\/comments?post=1793"}],"wp:featuredmedia":[{"embeddable":true,"href":"https:\/\/benoitdegraux.com\/index.php\/wp-json\/wp\/v2\/media\/1794"}],"wp:attachment":[{"href":"https:\/\/benoitdegraux.com\/index.php\/wp-json\/wp\/v2\/media?parent=1793"}],"curies":[{"name":"wp","href":"https:\/\/api.w.org\/{rel}","templated":true}]}}