{"id":1821,"date":"2022-03-15T22:10:30","date_gmt":"2022-03-15T21:10:30","guid":{"rendered":"http:\/\/benoitdegraux.com\/?post_type=product&#038;p=1821"},"modified":"2022-08-08T15:40:45","modified_gmt":"2022-08-08T13:40:45","slug":"ked-support-de-sonde-pack-1-pour-garmin-livescope","status":"publish","type":"product","link":"https:\/\/benoitdegraux.com\/index.php\/produit\/ked-support-de-sonde-pack-1-pour-garmin-livescope\/","title":{"rendered":"KED Support de sonde Pack 1 pour Garmin Livescope"},"content":{"rendered":"<h4><strong>KED Support de sonde Pack1 pour Garmin Livescope\u00a0<\/strong><\/h4>\n<p>le Pack 1 regroupe tous les \u00e9l\u00e9ments KED afin de vous proposer un syst\u00e8me complet pour l&rsquo;utilisation de la sonde Garmin Livescope<\/p>\n<p><img loading=\"lazy\" decoding=\"async\" class=\"aligncenter wp-image-1822\" src=\"https:\/\/benoitdegraux.com\/wp-content\/uploads\/2022\/03\/ked-.04-lund-45\u00b0-1024x816.jpg\" alt=\"\" width=\"702\" height=\"559\" srcset=\"https:\/\/benoitdegraux.com\/wp-content\/uploads\/2022\/03\/ked-.04-lund-45\u00b0-1024x816.jpg 1024w, https:\/\/benoitdegraux.com\/wp-content\/uploads\/2022\/03\/ked-.04-lund-45\u00b0-300x239.jpg 300w, https:\/\/benoitdegraux.com\/wp-content\/uploads\/2022\/03\/ked-.04-lund-45\u00b0-768x612.jpg 768w, https:\/\/benoitdegraux.com\/wp-content\/uploads\/2022\/03\/ked-.04-lund-45\u00b0-1536x1224.jpg 1536w, https:\/\/benoitdegraux.com\/wp-content\/uploads\/2022\/03\/ked-.04-lund-45\u00b0-2048x1633.jpg 2048w, https:\/\/benoitdegraux.com\/wp-content\/uploads\/2022\/03\/ked-.04-lund-45\u00b0-150x120.jpg 150w, https:\/\/benoitdegraux.com\/wp-content\/uploads\/2022\/03\/ked-.04-lund-45\u00b0-188x150.jpg 188w, https:\/\/benoitdegraux.com\/wp-content\/uploads\/2022\/03\/ked-.04-lund-45\u00b0-600x478.jpg 600w\" sizes=\"(max-width: 702px) 100vw, 702px\" \/><\/p>\n<p><strong>Le PAck 1 comprend : <\/strong><br \/>\n&#8211; une plaque de montage standard.<br \/>\n&#8211; un corps orientable muni d&rsquo;un syst\u00e8me\u00a0 de verrouillage.<br \/>\n&#8211; une tige d&rsquo;une longueur de 1.20 m\u00a0 et d&rsquo;un diam\u00e8tre de 16 mm \u00e9quip\u00e9e d&rsquo;une poign\u00e9e.<br \/>\n&#8211; Le levier de commande avec pointeur de direction<br \/>\n&#8211; L&rsquo;adaptateur 28 mm pour fixation sonde livescope.<\/p>\n<p><strong>Option<\/strong> : Plaque de montage selon le type de bateau (\u00e0 pr\u00e9ciser lors de la commande)<\/p>\n<p><strong>Caract\u00e9ristiques :<\/strong><br \/>\n&#8211; Mat\u00e9riaux: Inox<br \/>\n<span class=\"Y2IQFc\" lang=\"fr\">&#8211; Poids : environ 5 kg<\/span><br \/>\n<span class=\"Y2IQFc\" lang=\"fr\">&#8211; Longueur de la tige :\u00a0 120 cm<\/span><br \/>\n&#8211; R\u00e9glage de la hauteur de tige\u00a0 et et de la position du bras par levier de pression.<br \/>\n&#8211; Orientation de la tige a 360 \u00b0<\/p>\n<p>&nbsp;<\/p>\n","protected":false},"excerpt":{"rendered":"<h4><img loading=\"lazy\" decoding=\"async\" class=\"aligncenter size-full wp-image-1800\" src=\"https:\/\/benoitdegraux.com\/wp-content\/uploads\/2022\/03\/ked.jpg\" alt=\"\" width=\"172\" height=\"80\" srcset=\"https:\/\/benoitdegraux.com\/wp-content\/uploads\/2022\/03\/ked.jpg 172w, https:\/\/benoitdegraux.com\/wp-content\/uploads\/2022\/03\/ked-150x70.jpg 150w\" sizes=\"(max-width: 172px) 100vw, 172px\" \/><\/h4>\n<h4>KED Support de sonde Pack 1 pour Garmin Livescope<\/h4>\n<p>R\u00e9ference : KED-Pack1<br \/>\nPrix indicatif TTC : 359 \u20ac<\/p>\n<p>le Pack 1 regroupe tous les \u00e9l\u00e9ments KED afin de vous proposer un syst\u00e8me complet pour l&rsquo;utilisation de la sonde Garmin Livescope <a class=\"continue-reading-link\" href=\"https:\/\/benoitdegraux.com\/index.php\/produit\/ked-support-de-sonde-pack-1-pour-garmin-livescope\/\"> Continue reading <span class=\"meta-nav\">&rarr; <\/span><\/a><\/p>\n","protected":false},"featured_media":1822,"comment_status":"closed","ping_status":"closed","template":"","meta":[],"_links":{"self":[{"href":"https:\/\/benoitdegraux.com\/index.php\/wp-json\/wp\/v2\/product\/1821"}],"collection":[{"href":"https:\/\/benoitdegraux.com\/index.php\/wp-json\/wp\/v2\/product"}],"about":[{"href":"https:\/\/benoitdegraux.com\/index.php\/wp-json\/wp\/v2\/types\/product"}],"replies":[{"embeddable":true,"href":"https:\/\/benoitdegraux.com\/index.php\/wp-json\/wp\/v2\/comments?post=1821"}],"wp:featuredmedia":[{"embeddable":true,"href":"https:\/\/benoitdegraux.com\/index.php\/wp-json\/wp\/v2\/media\/1822"}],"wp:attachment":[{"href":"https:\/\/benoitdegraux.com\/index.php\/wp-json\/wp\/v2\/media?parent=1821"}],"curies":[{"name":"wp","href":"https:\/\/api.w.org\/{rel}","templated":true}]}}