{"id":1853,"date":"2022-11-19T22:16:37","date_gmt":"2022-11-19T21:16:37","guid":{"rendered":"http:\/\/benoitdegraux.com\/?post_type=product&#038;p=1853"},"modified":"2022-11-22T21:37:04","modified_gmt":"2022-11-22T20:37:04","slug":"garmin-navionics-vision-benelux-et-allemagne-ouest","status":"publish","type":"product","link":"https:\/\/benoitdegraux.com\/index.php\/produit\/garmin-navionics-vision-benelux-et-allemagne-ouest\/","title":{"rendered":"Garmin Navionics Vision+ Benelux et Allemagne, Ouest"},"content":{"rendered":"<p>Couverture d\u00e9taill\u00e9e des c\u00f4tes de la mer du Nord de la Belgique, des Pays-Bas et de l&rsquo;Allemagne, y compris les voies navigables int\u00e9rieures et les canaux des pays du Benelux et de la c\u00f4te de la mer Baltique d&rsquo;Allemagne \u00e0 Wismar. La couverture comprend le canal de Kiel, la mer des Wadden, l&rsquo;Ijsselmeer, le Rhin vers Coblence et les ports de Calais en France\u00a0; d&rsquo;Anvers, d&rsquo;Amsterdam et de Rotterdam aux Pays-Bas et de Hambourg en Allemagne.<\/p>\n<h3>UN TOUT NOUVEAU LOOK POUR VOTRE TRACEUR<\/h3>\n<div class=\"app__overview__intro__description\">\n<p>Avec ses couleurs \u00e9clatantes, son interface rationalis\u00e9e et son contenu qui associe les eaux c\u00f4ti\u00e8res et int\u00e9rieures avec une c\u00e9l\u00e8bre palette de couleurs Navionics\u00ae, la cartographie Garmin\u00a0Navionics+ vous permet de tracer facilement votre parcours avec le n\u00b01 mondial de la cartographie marine<sup>1<\/sup>.<\/p>\n<p>Naviguez avec notre meilleure couverture des lacs en eaux c\u00f4ti\u00e8res et int\u00e9rieures pour votre traceur Garmin. Choisissez votre vue. Personnalisez l&rsquo;affichage avec diff\u00e9rentes combinaisons de calques de carte et de superpositions. Avec votre abonnement d&rsquo;un an inclus, acc\u00e9dez \u00e0 des mises \u00e0 jour illimit\u00e9es via l&rsquo;application ActiveCaptain\u00ae pour les appareils connect\u00e9s. La technologie Auto Guidance+&#x2122;<sup>2<\/sup> vous permet de naviguer gr\u00e2ce \u00e0 des suggestions d&rsquo;itin\u00e9raires dock-to-dock. S\u00e9lectionnez jusqu&rsquo;\u00e0 10 zones de profondeur de la cible ombr\u00e9es pour d\u00e9finir les meilleurs lieux de p\u00eache. \u00c9conomisez en renouvelant votre abonnement et continuez \u00e0 profiter des mises \u00e0 jour quotidiennes ainsi que de nouveaux contenus t\u00e9l\u00e9charg\u00e9s.<\/p>\n<h3>SOLUTION CARTOGRAPHIQUE TOUT-EN-UN POUR TRACEURS GARMIN<\/h3>\n<p class=\"app__feature__card__description\">Acc\u00e9dez \u00e0 des cartes d\u00e9taill\u00e9es des zones c\u00f4ti\u00e8res, des lacs, des rivi\u00e8res et bien plus encore. Les contenus Garmin et Navionics int\u00e9gr\u00e9s offrent une couverture aux plaisanciers du monde entier.<\/p>\n<p><img loading=\"lazy\" decoding=\"async\" class=\"\" src=\"https:\/\/res.garmin.com\/en\/products\/010-C1287-20\/g\/39457-1-1364570c-96bb-4a14-aa1d-af48b79715f9.jpg\" width=\"279\" height=\"209\" \/><\/p>\n<h3>OMBRAGE DE PROFONDEUR<\/h3>\n<p class=\"app__feature__card__description\">L&rsquo;ombrage haute r\u00e9solution de la zone de profondeur vous permet de s\u00e9lectionner jusqu&rsquo;\u00e0 10\u00a0options de couleurs d&rsquo;ombrage et de visualiser les profondeurs cibles d\u00e9sign\u00e9es d&rsquo;un seul coup d&rsquo;\u0153il.<\/p>\n<p><img loading=\"lazy\" decoding=\"async\" class=\"\" src=\"https:\/\/res.garmin.com\/en\/products\/010-C1287-20\/g\/39457-4-357cd28b-ed9b-40bc-9897-19d1ec50dcd1.jpg\" width=\"277\" height=\"208\" \/><\/p>\n<h3>COURBES BATHYM\u00c9TRIQUES ALLANT JUSQU&rsquo;\u00c0 0,5M<\/h3>\n<p class=\"app__feature__card__description\">Pour am\u00e9liorer la p\u00eache et la navigation, les courbes bathym\u00e9triques allant jusqu&rsquo;\u00e0 0,5\u00a0m fournissent une repr\u00e9sentation claire de la structure des profondeurs pour des cartes de p\u00eache et des d\u00e9tails am\u00e9lior\u00e9s dans les mar\u00e9cages, les canaux, les ports, les marinas et bien plus encore.<\/p>\n<p><img loading=\"lazy\" decoding=\"async\" class=\"\" src=\"https:\/\/res.garmin.com\/en\/products\/010-C1287-20\/g\/39457-5-36ece835-e007-4ef7-9309-f119cf3d353b.jpg\" width=\"278\" height=\"209\" \/><\/p>\n<h3>OMBRAGE DES HAUTS-FONDS<\/h3>\n<p class=\"app__feature__card__description\">Permet de mettre en \u00e9vidence les hauts-fonds \u00e0 \u00e9viter (profondeur param\u00e9trable par l&rsquo;utilisateur).<\/p>\n<p><img loading=\"lazy\" decoding=\"async\" class=\"\" src=\"https:\/\/res.garmin.com\/en\/products\/010-C1287-20\/g\/39457-7-f2b9c8d2-3693-4447-b27f-1dedae4fad07.jpg\" width=\"276\" height=\"207\" \/><\/p>\n<h3>OMBRAGE DU RELIEF HAUTE R\u00c9SOLUTION (RELIEF SHADING)<\/h3>\n<p class=\"app__feature__card__description\">Cette fonction t\u00e9l\u00e9chargeable d&rsquo;ombrage<sup>4<\/sup>\u00a0allie couleurs et ombres pour fournir une vue plus claire et facile \u00e0 interpr\u00e9ter de la structure des profondeurs que les lignes de contour seules.<\/p>\n<p><img loading=\"lazy\" decoding=\"async\" class=\"\" src=\"https:\/\/res.garmin.com\/en\/products\/010-C1287-20\/g\/39457-10-d6e00181-42bb-4ac9-9271-94130adb12b1.jpg\" width=\"276\" height=\"207\" \/><\/p>\n<\/div>\n<div class=\"app__overview__intro__icons app__column-layout app__column-layout__column--3\">\n<p>&nbsp;<\/p>\n<\/div>\n","protected":false},"excerpt":{"rendered":"<div id=\"js__product__meta\">\n<h3 id=\"js__product__info__variation\" class=\"app__product__info__subtitle\">Garmin Navionics Vision+<\/h3>\n<p id=\"js__product__info__name\" class=\"app__product__info__title\">Benelux et Allemagne, Ouest : cartes marines | NVEU076R | Carte MicroSD et un abonnement d&rsquo;un an<br \/>\n<span id=\"js__product__info__part-number__label\"><\/span><\/p>\n<p class=\"app__product__info__title\"><span id=\"js__product__info__part-number__label\">NUM\u00c9RO DE R\u00c9F\u00c9RENCE\u00a0<\/span><span id=\"js__product__info__part-number__text\" class=\"app__product__info__part-number--light\">010-C1242-00<\/span><\/p>\n<\/div>\n<div class=\"app__product__price__wrapper js__product__price\" data-v-9d6668da=\"\">\n<div data-v-9d6668da=\"\">\n<p id=\"js__product__price__main\" class=\"app__product__price__formatted app__product__price__wrapper__main\" data-test=\"app__product__price__formatted\"><span class=\"amount\">Prix indicatif 249,99<\/span><span class=\"currency-sign\">\u20ac ttc<\/span><\/p>\n<\/div>\n<\/div>\n<p> <a class=\"continue-reading-link\" href=\"https:\/\/benoitdegraux.com\/index.php\/produit\/garmin-navionics-vision-benelux-et-allemagne-ouest\/\"> Continue reading <span class=\"meta-nav\">&rarr; <\/span><\/a><\/p>\n","protected":false},"featured_media":1854,"comment_status":"closed","ping_status":"closed","template":"","meta":[],"_links":{"self":[{"href":"https:\/\/benoitdegraux.com\/index.php\/wp-json\/wp\/v2\/product\/1853"}],"collection":[{"href":"https:\/\/benoitdegraux.com\/index.php\/wp-json\/wp\/v2\/product"}],"about":[{"href":"https:\/\/benoitdegraux.com\/index.php\/wp-json\/wp\/v2\/types\/product"}],"replies":[{"embeddable":true,"href":"https:\/\/benoitdegraux.com\/index.php\/wp-json\/wp\/v2\/comments?post=1853"}],"wp:featuredmedia":[{"embeddable":true,"href":"https:\/\/benoitdegraux.com\/index.php\/wp-json\/wp\/v2\/media\/1854"}],"wp:attachment":[{"href":"https:\/\/benoitdegraux.com\/index.php\/wp-json\/wp\/v2\/media?parent=1853"}],"curies":[{"name":"wp","href":"https:\/\/api.w.org\/{rel}","templated":true}]}}