{"id":2015,"date":"2024-12-26T14:41:39","date_gmt":"2024-12-26T13:41:39","guid":{"rendered":"https:\/\/benoitdegraux.com\/?post_type=product&#038;p=2015"},"modified":"2024-12-26T14:58:21","modified_gmt":"2024-12-26T13:58:21","slug":"garmin-disjoncteur","status":"publish","type":"product","link":"https:\/\/benoitdegraux.com\/index.php\/produit\/garmin-disjoncteur\/","title":{"rendered":"GARMIN Disjoncteur"},"content":{"rendered":"<p id=\"js__product__info__name\" class=\"app__product__info__title\"><strong>Panoptix Disjoncteur<\/strong><br \/>\n<span id=\"js__product__info__part-number__label\">NUM\u00c9RO DE R\u00c9F\u00c9RENCE 010-12832-40<\/span><\/p>\n<h3>Utilisez ce disjoncteur 60\u00a0A lors de l&rsquo;installation de votre moteur \u00e9lectrique Force.<\/h3>\n<p><img loading=\"lazy\" decoding=\"async\" class=\" wp-image-2016 alignnone\" src=\"https:\/\/benoitdegraux.com\/wp-content\/uploads\/2024\/12\/519-Sp0hIJL._AC_SL1000_.jpg\" alt=\"\" width=\"150\" height=\"197\" srcset=\"https:\/\/benoitdegraux.com\/wp-content\/uploads\/2024\/12\/519-Sp0hIJL._AC_SL1000_.jpg 667w, https:\/\/benoitdegraux.com\/wp-content\/uploads\/2024\/12\/519-Sp0hIJL._AC_SL1000_-229x300.jpg 229w, https:\/\/benoitdegraux.com\/wp-content\/uploads\/2024\/12\/519-Sp0hIJL._AC_SL1000_-114x150.jpg 114w, https:\/\/benoitdegraux.com\/wp-content\/uploads\/2024\/12\/519-Sp0hIJL._AC_SL1000_-600x786.jpg 600w\" sizes=\"(max-width: 150px) 100vw, 150px\" \/><\/p>\n<p>&nbsp;<\/p>\n<p>&nbsp;<\/p>\n","protected":false},"excerpt":{"rendered":"<p><img loading=\"lazy\" decoding=\"async\" class=\"wp-image-1143 alignnone\" src=\"https:\/\/benoitdegraux.com\/wp-content\/uploads\/2019\/06\/garmin-logo.png\" alt=\"\" width=\"150\" height=\"41\" srcset=\"https:\/\/benoitdegraux.com\/wp-content\/uploads\/2019\/06\/garmin-logo.png 1000w, https:\/\/benoitdegraux.com\/wp-content\/uploads\/2019\/06\/garmin-logo-300x81.png 300w, https:\/\/benoitdegraux.com\/wp-content\/uploads\/2019\/06\/garmin-logo-768x207.png 768w, https:\/\/benoitdegraux.com\/wp-content\/uploads\/2019\/06\/garmin-logo-150x41.png 150w, https:\/\/benoitdegraux.com\/wp-content\/uploads\/2019\/06\/garmin-logo-250x68.png 250w, https:\/\/benoitdegraux.com\/wp-content\/uploads\/2019\/06\/garmin-logo-600x162.png 600w\" sizes=\"(max-width: 150px) 100vw, 150px\" \/><br \/>\n<strong>Moteur Disjoncteur<\/strong><br \/>\n<span id=\"js__product__info__part-number__label\">NUM\u00c9RO DE R\u00c9F\u00c9RENCE 010-12832-40<\/span><br \/>\nPrix indicatif : 75 TTC<\/p>\n<p>Utilisez ce disjoncteur 60\u00a0A lors de l&rsquo;installation de votre moteur \u00e9lectrique Force. <a class=\"continue-reading-link\" href=\"https:\/\/benoitdegraux.com\/index.php\/produit\/garmin-disjoncteur\/\"> Continue reading <span class=\"meta-nav\">&rarr; <\/span><\/a><\/p>\n","protected":false},"featured_media":2016,"comment_status":"closed","ping_status":"closed","template":"","meta":[],"_links":{"self":[{"href":"https:\/\/benoitdegraux.com\/index.php\/wp-json\/wp\/v2\/product\/2015"}],"collection":[{"href":"https:\/\/benoitdegraux.com\/index.php\/wp-json\/wp\/v2\/product"}],"about":[{"href":"https:\/\/benoitdegraux.com\/index.php\/wp-json\/wp\/v2\/types\/product"}],"replies":[{"embeddable":true,"href":"https:\/\/benoitdegraux.com\/index.php\/wp-json\/wp\/v2\/comments?post=2015"}],"wp:featuredmedia":[{"embeddable":true,"href":"https:\/\/benoitdegraux.com\/index.php\/wp-json\/wp\/v2\/media\/2016"}],"wp:attachment":[{"href":"https:\/\/benoitdegraux.com\/index.php\/wp-json\/wp\/v2\/media?parent=2015"}],"curies":[{"name":"wp","href":"https:\/\/api.w.org\/{rel}","templated":true}]}}