{"id":2155,"date":"2026-03-29T20:05:12","date_gmt":"2026-03-29T18:05:12","guid":{"rendered":"https:\/\/benoitdegraux.com\/?post_type=product&#038;p=2155"},"modified":"2026-03-29T21:46:15","modified_gmt":"2026-03-29T19:46:15","slug":"garmin-spy-pole","status":"publish","type":"product","link":"https:\/\/benoitdegraux.com\/index.php\/produit\/garmin-spy-pole\/","title":{"rendered":"Garmin Spy Pole"},"content":{"rendered":"<div class=\"app__column-layout app__column-layout__column--3\">\n<div class=\"app__feature__card\" data-translate=\"\">\n<div class=\"app__column-layout app__column-layout__column--3\">\n<div class=\"app__feature__card\" data-translate=\"\">\n<p data-test=\"gc__heading\"><strong>Perche motoris\u00e9e Spy Pole\u2122<\/strong><br \/>\nSupport de montage motoris\u00e9 sur rotule 49\u201d<br \/>\n<span id=\"js__product__info__part-number__label\" data-v-f27ad4db=\"\">NUM\u00e9RO DE R\u00e9F\u00e9RENCE<\/span><span id=\"js__product__info__part-number__text\" class=\"app__product__info__part-number--light\" data-v-f27ad4db=\"\">010-03012-20<\/span><\/p>\n<h2>PRENEZ LE CONTR\u00d4LE SUR LES VUES SOUS-MARINES<\/h2>\n<p><img loading=\"lazy\" decoding=\"async\" class=\" wp-image-2156 alignnone\" src=\"https:\/\/benoitdegraux.com\/wp-content\/uploads\/2026\/03\/Spy_Pole_With_Trolling_Motor_Wide_Front-Left-ghosted-1024x1024.png\" alt=\"\" width=\"536\" height=\"536\" srcset=\"https:\/\/benoitdegraux.com\/wp-content\/uploads\/2026\/03\/Spy_Pole_With_Trolling_Motor_Wide_Front-Left-ghosted-1024x1024.png 1024w, https:\/\/benoitdegraux.com\/wp-content\/uploads\/2026\/03\/Spy_Pole_With_Trolling_Motor_Wide_Front-Left-ghosted-300x300.png 300w, https:\/\/benoitdegraux.com\/wp-content\/uploads\/2026\/03\/Spy_Pole_With_Trolling_Motor_Wide_Front-Left-ghosted-150x150.png 150w, https:\/\/benoitdegraux.com\/wp-content\/uploads\/2026\/03\/Spy_Pole_With_Trolling_Motor_Wide_Front-Left-ghosted-768x768.png 768w, https:\/\/benoitdegraux.com\/wp-content\/uploads\/2026\/03\/Spy_Pole_With_Trolling_Motor_Wide_Front-Left-ghosted-1536x1536.png 1536w, https:\/\/benoitdegraux.com\/wp-content\/uploads\/2026\/03\/Spy_Pole_With_Trolling_Motor_Wide_Front-Left-ghosted-2048x2048.png 2048w, https:\/\/benoitdegraux.com\/wp-content\/uploads\/2026\/03\/Spy_Pole_With_Trolling_Motor_Wide_Front-Left-ghosted-600x600.png 600w, https:\/\/benoitdegraux.com\/wp-content\/uploads\/2026\/03\/Spy_Pole_With_Trolling_Motor_Wide_Front-Left-ghosted-100x100.png 100w\" sizes=\"(max-width: 536px) 100vw, 536px\" \/><\/p>\n<h3>Installez vos sondes sur le Spy\u00a0Pole, le module de commande de sondeur motoris\u00e9 r\u00e9volutionnaire, pour contr\u00f4ler pr\u00e9cis\u00e9ment les sondes LiveScope\u2122 et\u00a0<a href=\"https:\/\/www.garmin.com\/fr-BE\/p\/1821481\/\">GT360UHD<\/a>\u00a0via le r\u00e9seau sans fil.<\/h3>\n<p><img loading=\"lazy\" decoding=\"async\" class=\"wp-image-2157 alignnone\" src=\"https:\/\/benoitdegraux.com\/wp-content\/uploads\/2026\/03\/20250911_SUPPORT_MRN_0894-1024x683.jpg\" alt=\"\" width=\"515\" height=\"344\" srcset=\"https:\/\/benoitdegraux.com\/wp-content\/uploads\/2026\/03\/20250911_SUPPORT_MRN_0894-1024x683.jpg 1024w, https:\/\/benoitdegraux.com\/wp-content\/uploads\/2026\/03\/20250911_SUPPORT_MRN_0894-300x200.jpg 300w, https:\/\/benoitdegraux.com\/wp-content\/uploads\/2026\/03\/20250911_SUPPORT_MRN_0894-768x512.jpg 768w, https:\/\/benoitdegraux.com\/wp-content\/uploads\/2026\/03\/20250911_SUPPORT_MRN_0894-1536x1024.jpg 1536w, https:\/\/benoitdegraux.com\/wp-content\/uploads\/2026\/03\/20250911_SUPPORT_MRN_0894-2048x1366.jpg 2048w, https:\/\/benoitdegraux.com\/wp-content\/uploads\/2026\/03\/20250911_SUPPORT_MRN_0894-150x100.jpg 150w, https:\/\/benoitdegraux.com\/wp-content\/uploads\/2026\/03\/20250911_SUPPORT_MRN_0894-225x150.jpg 225w, https:\/\/benoitdegraux.com\/wp-content\/uploads\/2026\/03\/20250911_SUPPORT_MRN_0894-600x400.jpg 600w\" sizes=\"(max-width: 515px) 100vw, 515px\" \/><\/p>\n<p>&nbsp;<\/p>\n<\/div>\n<div class=\"app__feature__card\" data-translate=\"\"><img decoding=\"async\" class=\"app__feature__card__image\" src=\"https:\/\/res.garmin.com\/icons\/CONTROL-PEDAL.svg\" alt=\"\" \/> \u00a0<span style=\"font-size: 16px;\">CONTR\u00d4LEZ VOTRE SONDEUR DE MANI\u00c8RE AUTONOME \u00c0 L&rsquo;AIDE D&rsquo;UNE T\u00c9L\u00c9COMMANDE SANS FIL OU D&rsquo;UNE P\u00c9DALE<\/span><\/div>\n<div class=\"app__feature__card\" data-translate=\"\"><img decoding=\"async\" class=\"app__feature__card__image\" src=\"https:\/\/res.garmin.com\/icons\/Mounting-Options.svg\" alt=\"\" \/> \u00a0<span style=\"font-size: 16px;\">\u00c0 INSTALLER SUR VOTRE MOTEUR \u00c9LECTRIQUE OU VOTRE FRANC-BORD\u00b9<\/span><\/div>\n<div class=\"app__feature__card\" data-translate=\"\"><img decoding=\"async\" class=\"app__feature__card__image\" src=\"https:\/\/res.garmin.com\/icons\/Connected_Featured.svg\" alt=\"\" \/> <span style=\"font-size: 16px;\">INT\u00c9GRATION \u00c0 VOTRE TRACEUR ET \u00c0 CERTAINS MOTEURS \u00c9LECTRIQUES FORCE<\/span><sup>\u00ae<\/sup><\/div>\n<div class=\"app__feature__card\" data-translate=\"\"><img decoding=\"async\" class=\"app__feature__card__image\" src=\"https:\/\/res.garmin.com\/icons\/VISION.svg\" alt=\"\" \/> <span style=\"font-size: 16px;\">CON\u00c7U POUR ACCUEILLIR LES SONDES LIVESCOPE ET 360\u00b0<\/span><\/div>\n<div class=\"app__feature__card\" data-translate=\"\"><img decoding=\"async\" class=\"app__feature__card__image\" src=\"https:\/\/res.garmin.com\/icons\/LIVESCOPE-360.svg\" alt=\"\" \/> <span style=\"font-size: 16px;\">ACTIVATION DE PLUSIEURS MODES DE CONTR\u00d4LE LIVESCOPE SANS FIL<\/span><\/div>\n<div data-translate=\"\"><\/div>\n<div class=\"app__feature__card\" data-translate=\"\">\n<h3>POSITIONNEMENT INTUITIF<\/h3>\n<p class=\"app__feature__card__description app__feature__card__description--left\">Maintenez votre bateau exactement l\u00e0 o\u00f9 vous le souhaitez et gardez le contr\u00f4le total de votre sondeur LiveScope gr\u00e2ce \u00e0 plusieurs modes de contr\u00f4le, dont la technologie de verrouillage de point SpyLock\u2122, le mode de recherche SpyScan\u2122 et le mode de contr\u00f4le SpyLink\u2122.<\/p>\n<p><img loading=\"lazy\" decoding=\"async\" class=\"wp-image-2159 alignnone\" src=\"https:\/\/benoitdegraux.com\/wp-content\/uploads\/2026\/03\/spy-pole-01-e1774810086480.jpg\" alt=\"\" width=\"501\" height=\"351\" srcset=\"https:\/\/benoitdegraux.com\/wp-content\/uploads\/2026\/03\/spy-pole-01-e1774810086480.jpg 800w, https:\/\/benoitdegraux.com\/wp-content\/uploads\/2026\/03\/spy-pole-01-e1774810086480-300x210.jpg 300w, https:\/\/benoitdegraux.com\/wp-content\/uploads\/2026\/03\/spy-pole-01-e1774810086480-768x539.jpg 768w, https:\/\/benoitdegraux.com\/wp-content\/uploads\/2026\/03\/spy-pole-01-e1774810086480-150x105.jpg 150w, https:\/\/benoitdegraux.com\/wp-content\/uploads\/2026\/03\/spy-pole-01-e1774810086480-214x150.jpg 214w, https:\/\/benoitdegraux.com\/wp-content\/uploads\/2026\/03\/spy-pole-01-e1774810086480-600x421.jpg 600w\" sizes=\"(max-width: 501px) 100vw, 501px\" \/><\/p>\n<h3>OPTION DE MONTAGES MULTIPLES<\/h3>\n<p class=\"app__feature__card__description app__feature__card__description--left\">Installez facilement le Spy Pole sur votre moteur \u00e9lectrique Force ou Force Pro, ou directement sur le pont de votre bateau (en option). Retirez-le facilement gr\u00e2ce au syst\u00e8me \u00e0 d\u00e9gagement rapide.<\/p>\n<p><img loading=\"lazy\" decoding=\"async\" class=\" wp-image-2162 alignnone\" src=\"https:\/\/benoitdegraux.com\/wp-content\/uploads\/2026\/03\/Spy_Pole_With_Trolling_Motor_Wide_Side-ghosted-1024x1024.png\" alt=\"\" width=\"400\" height=\"400\" srcset=\"https:\/\/benoitdegraux.com\/wp-content\/uploads\/2026\/03\/Spy_Pole_With_Trolling_Motor_Wide_Side-ghosted-1024x1024.png 1024w, https:\/\/benoitdegraux.com\/wp-content\/uploads\/2026\/03\/Spy_Pole_With_Trolling_Motor_Wide_Side-ghosted-300x300.png 300w, https:\/\/benoitdegraux.com\/wp-content\/uploads\/2026\/03\/Spy_Pole_With_Trolling_Motor_Wide_Side-ghosted-150x150.png 150w, https:\/\/benoitdegraux.com\/wp-content\/uploads\/2026\/03\/Spy_Pole_With_Trolling_Motor_Wide_Side-ghosted-768x768.png 768w, https:\/\/benoitdegraux.com\/wp-content\/uploads\/2026\/03\/Spy_Pole_With_Trolling_Motor_Wide_Side-ghosted-1536x1536.png 1536w, https:\/\/benoitdegraux.com\/wp-content\/uploads\/2026\/03\/Spy_Pole_With_Trolling_Motor_Wide_Side-ghosted-2048x2048.png 2048w, https:\/\/benoitdegraux.com\/wp-content\/uploads\/2026\/03\/Spy_Pole_With_Trolling_Motor_Wide_Side-ghosted-600x600.png 600w, https:\/\/benoitdegraux.com\/wp-content\/uploads\/2026\/03\/Spy_Pole_With_Trolling_Motor_Wide_Side-ghosted-100x100.png 100w\" sizes=\"(max-width: 400px) 100vw, 400px\" \/><\/p>\n<h3>DES COMMANDES \u00c0 PORT\u00c9E DE MAIN<\/h3>\n<p class=\"app__feature__card__description app__feature__card__description--left\">Fixez la t\u00e9l\u00e9commande fournie sur une tige ou gardez-la \u00e0 la main pour man\u0153uvrer le Spy Pole d&rsquo;un simple mouvement du poignet ou d&rsquo;une pression sur un bouton.<\/p>\n<p><img loading=\"lazy\" decoding=\"async\" class=\"wp-image-2164 alignnone\" src=\"https:\/\/benoitdegraux.com\/wp-content\/uploads\/2026\/03\/Spy_Pole_Gesture_Remote_Front-Right-e1774810631879-1024x920.png\" alt=\"\" width=\"274\" height=\"246\" srcset=\"https:\/\/benoitdegraux.com\/wp-content\/uploads\/2026\/03\/Spy_Pole_Gesture_Remote_Front-Right-e1774810631879-1024x920.png 1024w, https:\/\/benoitdegraux.com\/wp-content\/uploads\/2026\/03\/Spy_Pole_Gesture_Remote_Front-Right-e1774810631879-300x269.png 300w, https:\/\/benoitdegraux.com\/wp-content\/uploads\/2026\/03\/Spy_Pole_Gesture_Remote_Front-Right-e1774810631879-768x690.png 768w, https:\/\/benoitdegraux.com\/wp-content\/uploads\/2026\/03\/Spy_Pole_Gesture_Remote_Front-Right-e1774810631879-1536x1380.png 1536w, https:\/\/benoitdegraux.com\/wp-content\/uploads\/2026\/03\/Spy_Pole_Gesture_Remote_Front-Right-e1774810631879-2048x1840.png 2048w, https:\/\/benoitdegraux.com\/wp-content\/uploads\/2026\/03\/Spy_Pole_Gesture_Remote_Front-Right-e1774810631879-150x135.png 150w, https:\/\/benoitdegraux.com\/wp-content\/uploads\/2026\/03\/Spy_Pole_Gesture_Remote_Front-Right-e1774810631879-167x150.png 167w, https:\/\/benoitdegraux.com\/wp-content\/uploads\/2026\/03\/Spy_Pole_Gesture_Remote_Front-Right-e1774810631879-600x539.png 600w\" sizes=\"(max-width: 274px) 100vw, 274px\" \/><\/p>\n<h3>P\u00c9DALE<\/h3>\n<p class=\"app__feature__card__description app__feature__card__description--left\">Utilisez la p\u00e9dale compacte et facile \u00e0 prendre en main incluse pour positionner le Spy Pole, tout en gardant les mains libres pour p\u00eacher.<\/p>\n<p><img loading=\"lazy\" decoding=\"async\" class=\"wp-image-2165 alignnone\" src=\"https:\/\/benoitdegraux.com\/wp-content\/uploads\/2026\/03\/Spy_Pole_Foot_Control_Switch_Top-e1774810795685-1024x805.png\" alt=\"\" width=\"483\" height=\"380\" srcset=\"https:\/\/benoitdegraux.com\/wp-content\/uploads\/2026\/03\/Spy_Pole_Foot_Control_Switch_Top-e1774810795685-1024x805.png 1024w, https:\/\/benoitdegraux.com\/wp-content\/uploads\/2026\/03\/Spy_Pole_Foot_Control_Switch_Top-e1774810795685-300x236.png 300w, https:\/\/benoitdegraux.com\/wp-content\/uploads\/2026\/03\/Spy_Pole_Foot_Control_Switch_Top-e1774810795685-768x604.png 768w, https:\/\/benoitdegraux.com\/wp-content\/uploads\/2026\/03\/Spy_Pole_Foot_Control_Switch_Top-e1774810795685-1536x1208.png 1536w, https:\/\/benoitdegraux.com\/wp-content\/uploads\/2026\/03\/Spy_Pole_Foot_Control_Switch_Top-e1774810795685-2048x1610.png 2048w, https:\/\/benoitdegraux.com\/wp-content\/uploads\/2026\/03\/Spy_Pole_Foot_Control_Switch_Top-e1774810795685-150x118.png 150w, https:\/\/benoitdegraux.com\/wp-content\/uploads\/2026\/03\/Spy_Pole_Foot_Control_Switch_Top-e1774810795685-191x150.png 191w, https:\/\/benoitdegraux.com\/wp-content\/uploads\/2026\/03\/Spy_Pole_Foot_Control_Switch_Top-e1774810795685-600x472.png 600w\" sizes=\"(max-width: 483px) 100vw, 483px\" \/><\/p>\n<\/div>\n<h3>INT\u00c9GRATION DU TRACEUR<\/h3>\n<p class=\"app__feature__card__description app__feature__card__description--left\">Configurez et contr\u00f4lez le Spy Pole depuis votre traceur Garmin compatible.<\/p>\n<p><img loading=\"lazy\" decoding=\"async\" class=\"wp-image-2160 alignnone\" src=\"https:\/\/benoitdegraux.com\/wp-content\/uploads\/2026\/03\/spy-pole-02-e1774810200490.jpg\" alt=\"\" width=\"502\" height=\"342\" srcset=\"https:\/\/benoitdegraux.com\/wp-content\/uploads\/2026\/03\/spy-pole-02-e1774810200490.jpg 800w, https:\/\/benoitdegraux.com\/wp-content\/uploads\/2026\/03\/spy-pole-02-e1774810200490-300x204.jpg 300w, https:\/\/benoitdegraux.com\/wp-content\/uploads\/2026\/03\/spy-pole-02-e1774810200490-768x523.jpg 768w, https:\/\/benoitdegraux.com\/wp-content\/uploads\/2026\/03\/spy-pole-02-e1774810200490-150x102.jpg 150w, https:\/\/benoitdegraux.com\/wp-content\/uploads\/2026\/03\/spy-pole-02-e1774810200490-220x150.jpg 220w, https:\/\/benoitdegraux.com\/wp-content\/uploads\/2026\/03\/spy-pole-02-e1774810200490-600x409.jpg 600w\" sizes=\"(max-width: 502px) 100vw, 502px\" \/><\/p>\n<p>&nbsp;<\/p>\n<h3>SONDEUR ONEV\u00dc\u2122<\/h3>\n<p class=\"app__feature__card__description app__feature__card__description--left\">Installez la sonde GT360UHD pour visualiser le sondeur OneV\u00fc avec la technologie True Motion. Ajouter LiveScope pour activer une superposition en temps r\u00e9el suppl\u00e9mentaire en mode 3D.<\/p>\n<p><img loading=\"lazy\" decoding=\"async\" class=\"wp-image-2161 alignnone\" src=\"https:\/\/benoitdegraux.com\/wp-content\/uploads\/2026\/03\/spy-pole-03-e1774810310645.jpg\" alt=\"\" width=\"505\" height=\"343\" srcset=\"https:\/\/benoitdegraux.com\/wp-content\/uploads\/2026\/03\/spy-pole-03-e1774810310645.jpg 800w, https:\/\/benoitdegraux.com\/wp-content\/uploads\/2026\/03\/spy-pole-03-e1774810310645-300x204.jpg 300w, https:\/\/benoitdegraux.com\/wp-content\/uploads\/2026\/03\/spy-pole-03-e1774810310645-768x522.jpg 768w, https:\/\/benoitdegraux.com\/wp-content\/uploads\/2026\/03\/spy-pole-03-e1774810310645-150x102.jpg 150w, https:\/\/benoitdegraux.com\/wp-content\/uploads\/2026\/03\/spy-pole-03-e1774810310645-221x150.jpg 221w, https:\/\/benoitdegraux.com\/wp-content\/uploads\/2026\/03\/spy-pole-03-e1774810310645-600x408.jpg 600w\" sizes=\"(max-width: 505px) 100vw, 505px\" \/><\/p>\n<\/div>\n<div class=\"app__feature__card\" data-translate=\"\">\n<h3>TRUE MOTION<\/h3>\n<p class=\"app__feature__card__description app__feature__card__description--center\">Gr\u00e2ce \u00e0 la technologie True Motion et \u00e0 votre GT360UHD, les balayages restent fid\u00e8les \u00e0 la position du bateau, m\u00eame lorsqu&rsquo;il se d\u00e9place.<\/p>\n<p>&nbsp;<\/p>\n<\/div>\n<div class=\"app__feature__card\" data-translate=\"\">\n<p><img decoding=\"async\" class=\"app__feature__card__image\" src=\"https:\/\/res.garmin.com\/icons\/BIKE-ALARM.svg\" alt=\"\" \/><span style=\"color: #000000; font-size: 1.4em;\">SPYLOCK<\/span><\/p>\n<p class=\"app__feature__card__description app__feature__card__description--center\">Verrouillez votre sondeur LiveScope sur n&rsquo;importe quel point d&rsquo;int\u00e9r\u00eat, comme un amas de branches, un monticule rocheux ou un waypoint.<\/p>\n<\/div>\n<div class=\"app__feature__card\" data-translate=\"\">\n<p>&nbsp;<\/p>\n<p><img decoding=\"async\" class=\"app__feature__card__image\" src=\"https:\/\/res.garmin.com\/icons\/SPYSCAN.svg\" alt=\"\" \/><span style=\"color: #000000; font-size: 1.4em;\">SPYSCAN<\/span><\/p>\n<p class=\"app__feature__card__description app__feature__card__description--center\">Balayez automatiquement Spy Pole d&rsquo;avant en arri\u00e8re, dans n&rsquo;importe quelle direction, afin de simplifier la recherche de poissons et de structures.<\/p>\n<p>&nbsp;<\/p>\n<\/div>\n<div class=\"app__feature__card\" data-translate=\"\">\n<p><img decoding=\"async\" class=\"app__feature__card__image\" src=\"https:\/\/res.garmin.com\/icons\/SPYLINK.svg\" alt=\"\" \/><span style=\"color: #000000; font-size: 1.4em;\">SPYLINK<\/span><\/p>\n<p class=\"app__feature__card__description app__feature__card__description--center\">Synchronisez le syst\u00e8me avec la vitesse et la direction de votre moteur \u00e9lectrique Force ou Force Pro, puis contr\u00f4lez Spy \u00e0 l&rsquo;aide de la p\u00e9dale Force lorsque l&rsquo;ancrage virtuel est activ\u00e9.<\/p>\n<p>&nbsp;<\/p>\n<\/div>\n<table style=\"height: 235px;\" width=\"338\">\n<tbody>\n<tr>\n<th scope=\"row\">Environnement d&rsquo;utilisation<\/th>\n<td>Eau douce, eau saum\u00e2tre et eau sal\u00e9e<\/td>\n<\/tr>\n<tr>\n<th scope=\"row\">Type d&rsquo;installation<\/th>\n<td>D\u00e9gagement rapide, r\u00e9versible<\/td>\n<\/tr>\n<tr>\n<th scope=\"row\">Tension<\/th>\n<td>10 V-45 V<\/td>\n<\/tr>\n<tr>\n<th scope=\"row\">Direction \u00e9lectrique<\/th>\n<td class=\"yes\"><\/td>\n<\/tr>\n<tr>\n<th scope=\"row\">Longueur de l&rsquo;arbre (du capuchon \u00e0 l&rsquo;extr\u00e9mit\u00e9)<\/th>\n<td>42\u2033 ou 49\u2033<\/td>\n<\/tr>\n<tr>\n<th scope=\"row\">Profondeur de l&rsquo;arbre r\u00e9glable<\/th>\n<td class=\"yes\"><\/td>\n<\/tr>\n<tr>\n<th scope=\"row\"><a href=\"https:\/\/www.garmin.com\/fr-BE\/legal\/waterrating-definitions\/\">R\u00e9sistance \u00e0 l&rsquo;eau<\/a>\u00a0(composants AU-DESSUS DE L&rsquo;EAU)<\/th>\n<td>IPX7<\/td>\n<\/tr>\n<tr>\n<th scope=\"row\">Garantie<\/th>\n<td>3\u00a0ans, \u00e0 vie et limit\u00e9e pour l&rsquo;arbre<\/td>\n<\/tr>\n<tr>\n<th scope=\"row\">Emplacement de montage<\/th>\n<td>Force, Force Pro (inclus)\u00a0; pont et franc-bord<\/td>\n<\/tr>\n<tr>\n<th scope=\"row\">Stabilisateur sur pont<\/th>\n<td>Oui (inclus)<\/td>\n<\/tr>\n<tr>\n<th scope=\"row\">Barre stabilisatrice<\/th>\n<td>Compatible, requis avec 2\u00a0sondes ou plus (non incluses)<\/td>\n<\/tr>\n<\/tbody>\n<\/table>\n<div class=\"app__feature__card\" data-translate=\"\">\n<h2>Dans la boite :<\/h2>\n<ul>\n<li>Spy Pole avec arbre de 42\u2033 ou de 49\u2033, selon la version choisie\n<ul>\n<li>Le mod\u00e8le 42\u2033 est recommand\u00e9 pour les moteurs \u00e9lectriques Force<sup>\u00ae<\/sup>\u00a0ou Force<sup>\u00ae<\/sup>\u00a0Pro de 50\u2033.<\/li>\n<li>Le mod\u00e8le 49\u2033 est recommand\u00e9 pour les moteurs \u00e9lectriques Force ou Force Pro de 57\u2033.<\/li>\n<\/ul>\n<\/li>\n<li>Sonde Garmin GT360UHD et support (inclus uniquement dans les packs)<\/li>\n<li>Plaque de montage pour moteur \u00e9lectrique Force Pro (inclut la b\u00e9quille du moteur \u00e9lectrique)<\/li>\n<li>T\u00e9l\u00e9commande gestuelle (avec quatre options de montage diff\u00e9rentes et pile bouton au lithium\u00a0CR2032)<\/li>\n<li>P\u00e9dale (support inclus)<\/li>\n<li>C\u00e2ble d&rsquo;alimentation<\/li>\n<li>Kit de gestion des c\u00e2bles \u00e0 d\u00e9gagement rapide<\/li>\n<li>Gyrocompas sans fil<\/li>\n<li>Support de montage inf\u00e9rieur en mode perspective r\u00e9glable pour sondes LiveScope\u2122<\/li>\n<li>Barre stabilisatrice (incluse uniquement dans les packs)<\/li>\n<li>Mat\u00e9riau<\/li>\n<li>Documentation<\/li>\n<\/ul>\n<h2>En Option :<\/h2>\n<p>Support<\/p>\n<p><img loading=\"lazy\" decoding=\"async\" class=\"wp-image-2181 alignnone\" style=\"font-size: 12px;\" src=\"https:\/\/benoitdegraux.com\/wp-content\/uploads\/2026\/03\/Spy_Pole_Gunnel_Mount_System_With_Spy_Pole_Upright_Front-Right-1024x1024.png\" alt=\"\" width=\"365\" height=\"365\" srcset=\"https:\/\/benoitdegraux.com\/wp-content\/uploads\/2026\/03\/Spy_Pole_Gunnel_Mount_System_With_Spy_Pole_Upright_Front-Right-1024x1024.png 1024w, https:\/\/benoitdegraux.com\/wp-content\/uploads\/2026\/03\/Spy_Pole_Gunnel_Mount_System_With_Spy_Pole_Upright_Front-Right-300x300.png 300w, https:\/\/benoitdegraux.com\/wp-content\/uploads\/2026\/03\/Spy_Pole_Gunnel_Mount_System_With_Spy_Pole_Upright_Front-Right-150x150.png 150w, https:\/\/benoitdegraux.com\/wp-content\/uploads\/2026\/03\/Spy_Pole_Gunnel_Mount_System_With_Spy_Pole_Upright_Front-Right-768x768.png 768w, https:\/\/benoitdegraux.com\/wp-content\/uploads\/2026\/03\/Spy_Pole_Gunnel_Mount_System_With_Spy_Pole_Upright_Front-Right-1536x1536.png 1536w, https:\/\/benoitdegraux.com\/wp-content\/uploads\/2026\/03\/Spy_Pole_Gunnel_Mount_System_With_Spy_Pole_Upright_Front-Right-2048x2048.png 2048w, https:\/\/benoitdegraux.com\/wp-content\/uploads\/2026\/03\/Spy_Pole_Gunnel_Mount_System_With_Spy_Pole_Upright_Front-Right-600x600.png 600w, https:\/\/benoitdegraux.com\/wp-content\/uploads\/2026\/03\/Spy_Pole_Gunnel_Mount_System_With_Spy_Pole_Upright_Front-Right-100x100.png 100w\" sizes=\"(max-width: 365px) 100vw, 365px\" \/><\/p>\n<p>Sonde 360 \u00b0<\/p>\n<\/div>\n<div class=\"app__feature__card\" data-translate=\"\"><img loading=\"lazy\" decoding=\"async\" class=\"wp-image-2186 alignnone\" src=\"https:\/\/benoitdegraux.com\/wp-content\/uploads\/2026\/03\/GT360UHD_no_mount_front_right-1024x1024.png\" alt=\"\" width=\"363\" height=\"363\" srcset=\"https:\/\/benoitdegraux.com\/wp-content\/uploads\/2026\/03\/GT360UHD_no_mount_front_right-1024x1024.png 1024w, https:\/\/benoitdegraux.com\/wp-content\/uploads\/2026\/03\/GT360UHD_no_mount_front_right-300x300.png 300w, https:\/\/benoitdegraux.com\/wp-content\/uploads\/2026\/03\/GT360UHD_no_mount_front_right-150x150.png 150w, https:\/\/benoitdegraux.com\/wp-content\/uploads\/2026\/03\/GT360UHD_no_mount_front_right-768x768.png 768w, https:\/\/benoitdegraux.com\/wp-content\/uploads\/2026\/03\/GT360UHD_no_mount_front_right-1536x1536.png 1536w, https:\/\/benoitdegraux.com\/wp-content\/uploads\/2026\/03\/GT360UHD_no_mount_front_right-2048x2048.png 2048w, https:\/\/benoitdegraux.com\/wp-content\/uploads\/2026\/03\/GT360UHD_no_mount_front_right-600x600.png 600w, https:\/\/benoitdegraux.com\/wp-content\/uploads\/2026\/03\/GT360UHD_no_mount_front_right-100x100.png 100w\" sizes=\"(max-width: 363px) 100vw, 363px\" \/><\/div>\n<div class=\"app__feature__card\" data-translate=\"\"><span style=\"font-size: 16px;\">Accesoire<\/span><\/div>\n<div class=\"app__feature__card\" data-translate=\"\">\n<p><img loading=\"lazy\" decoding=\"async\" class=\"wp-image-2185 alignnone\" style=\"font-size: 12px;\" src=\"https:\/\/benoitdegraux.com\/wp-content\/uploads\/2026\/03\/Spy_Pole_GT360_LVS34_Front-Right-1024x1024.png\" alt=\"\" width=\"367\" height=\"367\" srcset=\"https:\/\/benoitdegraux.com\/wp-content\/uploads\/2026\/03\/Spy_Pole_GT360_LVS34_Front-Right-1024x1024.png 1024w, https:\/\/benoitdegraux.com\/wp-content\/uploads\/2026\/03\/Spy_Pole_GT360_LVS34_Front-Right-300x300.png 300w, https:\/\/benoitdegraux.com\/wp-content\/uploads\/2026\/03\/Spy_Pole_GT360_LVS34_Front-Right-150x150.png 150w, https:\/\/benoitdegraux.com\/wp-content\/uploads\/2026\/03\/Spy_Pole_GT360_LVS34_Front-Right-768x768.png 768w, https:\/\/benoitdegraux.com\/wp-content\/uploads\/2026\/03\/Spy_Pole_GT360_LVS34_Front-Right-1536x1536.png 1536w, https:\/\/benoitdegraux.com\/wp-content\/uploads\/2026\/03\/Spy_Pole_GT360_LVS34_Front-Right-2048x2048.png 2048w, https:\/\/benoitdegraux.com\/wp-content\/uploads\/2026\/03\/Spy_Pole_GT360_LVS34_Front-Right-600x600.png 600w, https:\/\/benoitdegraux.com\/wp-content\/uploads\/2026\/03\/Spy_Pole_GT360_LVS34_Front-Right-100x100.png 100w\" sizes=\"(max-width: 367px) 100vw, 367px\" \/><\/p>\n<\/div>\n<\/div>\n<\/div>\n","protected":false},"excerpt":{"rendered":"<p><img loading=\"lazy\" decoding=\"async\" class=\"wp-image-1143 alignnone\" src=\"https:\/\/benoitdegraux.com\/wp-content\/uploads\/2019\/06\/garmin-logo.png\" alt=\"\" width=\"150\" height=\"41\" srcset=\"https:\/\/benoitdegraux.com\/wp-content\/uploads\/2019\/06\/garmin-logo.png 1000w, https:\/\/benoitdegraux.com\/wp-content\/uploads\/2019\/06\/garmin-logo-300x81.png 300w, https:\/\/benoitdegraux.com\/wp-content\/uploads\/2019\/06\/garmin-logo-768x207.png 768w, https:\/\/benoitdegraux.com\/wp-content\/uploads\/2019\/06\/garmin-logo-150x41.png 150w, https:\/\/benoitdegraux.com\/wp-content\/uploads\/2019\/06\/garmin-logo-250x68.png 250w, https:\/\/benoitdegraux.com\/wp-content\/uploads\/2019\/06\/garmin-logo-600x162.png 600w\" sizes=\"(max-width: 150px) 100vw, 150px\" \/><br \/>\n<strong>Perche motoris\u00e9e Spy Pole\u2122<\/strong><br \/>\nSupport de montage motoris\u00e9 sur rotule 49\u201d<br \/>\n<span id=\"js__product__info__part-number__label\" data-v-f27ad4db=\"\">NUM\u00e9RO DE R\u00e9F\u00e9RENCE : <\/span><span id=\"js__product__info__part-number__text\" class=\"app__product__info__part-number--light\" data-v-f27ad4db=\"\">010-03012-20<\/span><br \/>\nPrix indicatif : 2199 TTC <a class=\"continue-reading-link\" href=\"https:\/\/benoitdegraux.com\/index.php\/produit\/garmin-spy-pole\/\"> Continue reading <span class=\"meta-nav\">&rarr; <\/span><\/a><\/p>\n","protected":false},"featured_media":2174,"comment_status":"closed","ping_status":"closed","template":"","meta":[],"_links":{"self":[{"href":"https:\/\/benoitdegraux.com\/index.php\/wp-json\/wp\/v2\/product\/2155"}],"collection":[{"href":"https:\/\/benoitdegraux.com\/index.php\/wp-json\/wp\/v2\/product"}],"about":[{"href":"https:\/\/benoitdegraux.com\/index.php\/wp-json\/wp\/v2\/types\/product"}],"replies":[{"embeddable":true,"href":"https:\/\/benoitdegraux.com\/index.php\/wp-json\/wp\/v2\/comments?post=2155"}],"wp:featuredmedia":[{"embeddable":true,"href":"https:\/\/benoitdegraux.com\/index.php\/wp-json\/wp\/v2\/media\/2174"}],"wp:attachment":[{"href":"https:\/\/benoitdegraux.com\/index.php\/wp-json\/wp\/v2\/media?parent=2155"}],"curies":[{"name":"wp","href":"https:\/\/api.w.org\/{rel}","templated":true}]}}